4))?
-40
85 + -87 + -10 + (-4 - 14)
-30
What is the value of 12 - (-19 + 20 + -17 + 19)?
9
Calculate (2 - 1) + -16 + (26 - 18) + -11.
-18
Calculate 94 - (72 - -98) - (-3 + -17).
-56
What is -418 + 351 + (0 - (4 - 4))?
-67
What is (33 - (-31 - -104)) + 8 - -3?
-29
8 + -64 + (-275 - -365)
34
44 + (-6 - (-27 + 4))
61
Calculate 20 + (14 - 25) + -2 + 0 + -22 + 2.
-13
Calculate -2080 - -2067 - (6 - (-7 + -95)).
-121
Calculate 1 + (7 + 6 - (-1 + 22)) + 12.
5
What is the value of 4 + (-2 - -4) + 5 - (-114 - -2)?
123
11 + (0 + 0 - (2 - (8 + -20 - -6)))
3
Evaluate (0 - (5 - (7 - (-13 - -33)))) + 11.
-7
105 + -31 + (11 + -69 - -44)
60
What is the value of 16 + (5 - 6) + 4 + (-15 - -7) + -7?
4
Calculate 8 + -7 + (32 - 34) + 48.
47
Calculate -18 - (-94 + -2 - (-78 - -83)).
83
Calculate 13 + 70 + (91 - 132).
42
Calculate 76 + (11 - 62) + (62 - -1).
88
Evaluate (-5 + 9 - 59) + 13.
-42
-75 + 51 - (5 + -21 + 28 + (-12 - 1))
-23
(-82 - -104) + (-7 - 0) + -40
-25
What is the value of (27 + 12 - 34) + (-98 - 3) + -23?
-119
What is (69 - 8) + 2373 + -2306?
128
Calculate (4 + -8 - (18 + -30 - -12)) + (2 - 43).
-45
Calculate 45 - 37 - (6 - (9 - (-13 + 6))).
18
Evaluate -1 - (2 + 15) - (14 - (10 - 13)).
-35
Calculate 11 + (10 + 0 - (-312 - -331)) - (2 - 91).
91
Calculate 4 + 8 + 14 + -41 + 11 - (-17 - -2).
11
Calculate -1 + -17 - (277 + -127 + -142).
-26
What is the value of -5 + 163 + (460 - 542)?
76
What is the value of -5453 + 5414 + 0 + 67?
28
Calculate (92 + -50 - (-4 + 1)) + -1.
44
What is (-73 - -2) + -426 + 462?
-35
Evaluate -44 - (0 + -5 - (16 + -1 + -9 - 15)).
-48
Calculate (-8 + 4 - 13 - (7 + -2)) + -5.
-27
Calculate -7 - (-43 - (36 - 18 - 32)).
22
Evaluate 64 + (-1 - 11) + (-2 + 9 - -15).
74
What is 2 + (-3 - 9) + (-431 - -454) - 96?
-83
Evaluate -2 + 21 + -41 - 20.
-42
Calculate (2 + -2 - 5) + (704 - 292 - 439).
-32
Calculate 0 - (32 + -26 - ((1 - -78) + (0 - -8))).
81
What is -4 + -1 + 1 - (-6 - -37 - 22) - -58?
45
Calculate 8 + (-11 - 73) + 46.
-30
5 + 22 + (54 + -52 - -7)
36
Evaluate (1 - -2 - (57 + -36)) + -31.
-49
What is -2 - -3 - 13 - (124 - 217 - (15 - 1))?
95
What is the value of 3 + -13 + (-6 + 4 + 82 - -3)?
73
Evaluate 2 + -19 + 14 + 22.
19
What is the value of -2832 + 2873 - (-1 - 41)?
83
325 + -317 + (-1 - (-29 + 0 + 4))
32
What is the value of 7 + (12 - (34 - (1 - -20)))?
6
Calculate 145 + -116 + -1 + -16.
12
What is the value of (-8 - (0 + 1)) + (-6020 - -6098)?
69
What is the value of 202 + -1 + (-7737 - -7666)?
130
Evaluate -861 + 845 + 0 + 45.
29
What is -113 + 158 + -2 + -106?
-63
Calculate -163 + 149 - (2 + -6 + 25).
-35
What is the value of 131 + (-21 - (25 + -38 + 8))?
115
(18 - ((-2 - -2) + 32 + -9)) + -3
-8
Evaluate -1 + -59 + 38 + -83 + 75.
-30
Calculate (-1 - -5) + 6 + (-30 - -29) + (1 - 53).
-43
What is the value of (-40 - 0) + 42 + -30 + (-5 - -7)?
-26
Evaluate 23 + (-86 - -2 - (-200 + 207)).
-68
Evaluate (-46 - -22) + 26 + ((1 - 4) + 52 - -6).
57
What is (-25 - (0 - -6 - 7)) + 15 + -24 + 6?
-27
-9 + -1 + (22 - (-13 - -6 - -17)) + -20
-18
What is (145 - 126) + -87 + (1 - 1) + -1?
-69
-25 + -1 + 2 + (-3 - 0) + 2141 + -2146
-32
What is the value of -71 - (-10 - -30 - 68)?
-23
What is the value of (129 - 99) + (-77 - (-10 - -1))?
-38
What is the value of (-3 - 2) + 36 + (-3 - 3 - -2) - 1?
26
Calculate -25 + (6 - (-11 + (16 - (-4 + (4 - 5))))).
-29
Evaluate 48 + -15 + (-26 - 4).
3
What is (7 - (5 + 50)) + 64?
16
What is the value of 0 + -3 - (3 + 4 - (60 + -20))?
30
Calculate 3 - 2 - ((5 - (-3 - -1)) + (-34 - -8)).
20
Evaluate -130 + 1 + (-13 - (36 - 76)).
-102
What is -22 + 80 + -36 + (-18 - -25)?
29
What is the value of 68 + (-119 - (-216 + 94))?
71
Calculate 107 - 12 - 79 - (2 - 5 - 1).
20
Evaluate (1 - (2 - (-30 + -4))) + 60 + -69.
-44
Calculate 71 + -60 + -28 - -51.
34
What is 15 + (24 - (-46 - -80))?
5
(5249 - 5234) + (1 - (6 - 0))
10
What is the value of (-11 - -96) + -20 - 25?
40
Evaluate (-34 - (-2 + 43)) + 43.
-32
Evaluate (106 - 59) + -38 - ((23 - 0) + (4 - 5)).
-13
Calculate 59 + -108 - -54 - (-2 - -91) - -18.
-66
What is the value of (3 - 11) + 10 + (17 - -9)?
28
Calculate (-6 - -25) + (82 - 34 - (-10 - -23)).
54
(15 - (5 - -3)) + 3 + 38 + (-6 - -5)
47
Calculate (0 - 0) + 59 + 9 + (-20 - -12) + -10.
50
What is -2 + 8 + (346 - 291)?
61
What is the value of 79 + 0 - (23160 - 23091)?
10
46 - 55 - (-7 + -5 - 4) - -19
26
What is 93 + 2 + -103 + 40 + 1 + -2?
31
-2 + -6 - ((36 - (23 - 2)) + 7)
-30
Evaluate 25 + (52 - (301 + -142)).
-82
Calculate 9 - (-103 - (40 - 42)).
110
Evaluate 9 + (-10 - (-33 + 77 + 4)).
-49
Calculate 142 - 74 - (49 + -41).
60
-3 + 5 + 31 - 59
-26
What is -14 + 17 + (-13 - 42) + -17?
-69
What is the value of -12 - (-82 - -59) - (-10 - -1 - 2)?
22
Calculate -67 - 0 - (-23 + -14).
-30
What is the value of (-2 + 15 - (-7 + 21) - -5) + -6?
-2
10 + (9 + -11 - 7 - 3 - -7)
5
What is the value of (-14 - (-24 + 38 + -27)) + 66?
65
-63 - (-20 + 11) - (-3 + (8 - -5))
-64
(-50 - (13 + -65)) + -39
-37
-5 + 47 + (-15 - -6) + 7 - 6
34
What is -20 + (-60 - -15) - ((3 - 6) + -4)?
-58
Calculate -3 + 1 + -879 + 851.
-30
Evaluate (-1 - -27) + -15 + -49 + (14 - 1).
-25
-43 + -1 - (18313 + -18277)
-80
Calculate (1 - 10) + 29 + -39 + 19 + -3 + -27.
-30
-13 - (42 + (5 - 4 - (-17 - -22)))
-51
What is (-42 - ((-8 - (21 + -14)) + 8)) + -10?
-45
Evaluate -31 + (-23 - ((28 - -19) + -29)).
-72
(33 - 2 - 12) + (15 - 8 - 36)
-10
Calculate (48 - (9 + 14)) + 4.
29
Calculate -13 + (-23 - (-55 - -29)) + 8 + 0.
-2
Evaluate -40 - (-44 + 64 + -46).
-14
What is -975 - -955 - ((-3 - 0) + 14) - -12?
-19
Evaluate -12 - ((8 - (-13 + 26 - 20)) + -19 + 57).
-65
What is -66 - (3 + 4 + -2 + (-23 - (3 + -17)))?
-62
Calculate (-24 + 15 - (-19 + 7)) + 32.
35
What is -1 + 0 + -12 + (1 - (1 - (27 + -15)))?
-1
What is the value of ((18 - 120) + 10 - -4) + 1 + -9?
-96
(-16 - 27) + 21 + 81
59
-99 - 2 - ((-37 - 22) + 35)
-77
What is the value of 11 - (6 + -1 + 1 - (-12880 + 12778))?
-97
Evaluate 3 + -4 + -27 - ((-25 - -47) + -24).
-26
Evaluate -55 - (-59 + 36) - -18 - (6 - -1).
-21
(-53 - -10 - -7) + 16 + -7 + -4
-31
Calculate (1 - 38 - (36 - 74)) + -19.
-18
What is the value of -131 - (-1 + -2 - (110 + -137 + (30 - 1)))?
-126
501 + -467 - (-2 - -28)
8
What is the value of (1 - -2) + 2 + 29 + (-41 + 34 - 16)?
11
59 - (-2 - -9 - 4) - 3 - (43 - 52)
62
(4 - -1 - (7 + -10)) + 9
17
-21 + (647 - 656 - (-1 + -18 + 1))
-12
Evaluate 3 + 0 - (-17 + (-15 - (-10 - (-2 - 10)))).
37
19 + 1 + 30 + (-9 - -2) + -149
-106
What is -43 + (-2009 - -2011 - (6 - (-1 - 0)))?
-48
Calculate 36 + -5 + (-66 + 73 - (17 - 1)).
22
Evaluate (1 + -2 + -11 + -25 + 21 - -146) + 11.
141
What is (-36 - -46) + (5 - -2 - (2 + 1))?
14
What is 3 + 36 + -22 + 20 - 9?
28
What is -28 + -40 + 88 + 12?
32
3 + 3 - (23 + 1 - (-942 + 899))
-61
Calculate -19 + (14 - 8) - (-5 - 2 - 0) - -30.
24
6 - (-3 + -11 + 5 + 8) - 2 - 0
5
Calculate (9 - -39 - 54) + -10 + 80.
64
(-2 - 41) + (3548 - 3570)
-65
What is the value of (-132 - (5 - 30)) + 68?
-39
Calculate (-14 - (3 - 22) - 3 - 9 - -21) + 12.
26
What is the value of 1 - (0 + 53) - (-30 - (50 + (-32 - 35)))?
-39
Calculate 235 + -239 - ((2 - 1) + 6) - (-213 - -336).
-134
Calculate -1 - 34 - (-20 + -1 + -7 + 23 - -4).
-34
What is -44 - ((-9 - 35) + 46)?
-46
Calculate -64 - (26 + -172) - 71.
11
-130 - ((-42 - -10) + 26) - (-16 + -3)
-105
-12 + (16 - ((41 - 14) + -13)) + 114 + 0
104
-1557 - -1504 - (-145 + 2)
90
(-223 - -100 - -200) + 1 + (14 - 2)
90
What is the value of -44 + -27 + 120 + -49?
0
Calculate (0 - (14 - 4) - (-34 + -28 - -24)) + -6.
22
Evaluate -45 - 0 - (7 - (-6 + -6 - (18 + -33))).
-49
Evaluate -12 + (3 + -2 + -3 + 114 - (218 + -208)).
90
What is the value of 39 + -17 + -12 - 18 - ((-100 - 1) + 8)?
85
Calculate 40 - (40 + (20 - 13) - 20).
13
What is 21 + -3 + (15 - 31 - 23) + 45?
24
What is the value of 2 - -13 - (144 - 19 - -15 - 21)?
-104
What is the value of 17 + -18 + -3 + 17 + -93 - (-8 + -2)?
-70
What is 144 + -374 + 245 - (1 + -2 - 1)?
17
What is -3 + (-93 - -3) + 207?
114
What is 95 + -79 + (-1 + 2 - 13) + 84?
88
What is 85 - (80 + (-145 - -111))?
39
What is the value of 7 - 0 - (-59 - (-53 - (-9 - 20)))?
42
What is the value of 22 + -6 - (97 + -84) - -30?
33
Evaluate (-14 - -7) + 9 + 8 + -15 + -3 - -14.
6
Calculate 20 - (132 + -173 - (-3 